etermine p(-90).
27
Let h(n) = -3*n**3 - 311*n**2 - 8077*n - 989. What is h(-51)?
-20
Let x(s) = 2*s**2 + 1027*s + 26222. Give x(-27).
-49
Let p(h) = -5175*h - 926336. Calculate p(-179).
-11
Let t(g) = 29*g**2 - 2448*g + 24262. Give t(10).
2682
Let m(r) = -446*r - 51065. Give m(-114).
-221
Let a(b) = -34*b - 322. What is a(-3)?
-220
Let p(r) = -68725*r + 412343. Calculate p(6).
-7
Let b(w) = -w**2 - 241*w - 11380. Give b(-132).
3008
Let l(w) = -13*w**2 - 351*w - 1553. Calculate l(-6).
85
Let q(a) = -1424*a**2 + 71252*a - 2605. What is q(50)?
-5
Let c(d) = -43*d**2 + 1192*d + 192. Give c(28).
-144
Let d(k) = 21289*k - 6982779. What is d(328)?
13
Let u(n) = -n**3 + 38*n**2 - 15*n - 526. Give u(37).
288
Let s(c) = 5*c**3 + 5*c**2 - 54*c - 10. Determine s(-3).
62
Let a(y) = -3*y**3 - 53*y**2 + 18*y + 913. Calculate a(0).
913
Let f(t) = 3105*t - 503027. Calculate f(162).
-17
Let p(v) = -v**3 - 334*v**2 - 3524*v + 9350. Give p(-323).
-17
Let p(i) = -i**3 + 72*i**2 - 66*i + 795. Give p(71).
1150
Let w(a) = -734*a - 83476. Determine w(-114).
200
Let m(d) = -3411*d - 18363. Determine m(-6).
2103
Let r(v) = 7*v**2 - 4761*v - 479182. Calculate r(-89).
-6
Let x(r) = 45079*r + 2253957. Give x(-50).
7
Let c(o) = -7069*o + 6029793. Give c(853).
-64
Let i(q) = 42*q**2 - 1850*q - 1632. Calculate i(45).
168
Let r(j) = 55*j**2 + 4525*j + 13567. What is r(-3)?
487
Let x(y) = 131*y**2 - 114*y - 335. What is x(-3)?
1186
Let t(f) = -1543*f + 7544. What is t(7)?
-3257
Let l(a) = 42*a**2 + 4455*a + 538. What is l(-106)?
220
Let c(h) = 8*h**3 + 10973*h**2 - 4118*h - 2769. What is c(-1372)?
-25
Let z(l) = -72*l - 1903. What is z(-33)?
473
Let c(k) = -176*k**2 - 13201*k - 51. Give c(-75).
24
Let p(q) = 11*q**2 - 1701*q + 2697. Calculate p(153).
-57
Let l(s) = -205341*s + 1232043. Give l(6).
-3
Let a(o) = -o**2 - 5995*o - 1359121. Determine a(-236).
3
Let x(p) = 72*p**2 - 1127*p + 57. Calculate x(17).
1706
Let f(x) = -x**3 + 124*x**2 + 3*x - 359. Determine f(124).
13
Let m(g) = -2*g**3 - 602*g**2 + 1825*g + 288. Calculate m(-304).
-16
Let x(h) = -326*h - 36492. Determine x(-114).
672
Let a(o) = -o**3 - 131*o**2 - 2479*o + 104. Give a(-108).
-436
Let n(c) = -33*c**3 - 630*c**2 + 45*c - 6. Calculate n(-19).
-1944
Let c(b) = -38866*b + 1321426. What is c(34)?
-18
Let o(k) = -286446*k + 20337668. Calculate o(71).
2
Let o(z) = 4*z**2 + 690*z + 27396. Determine o(-111).
90
Let w(r) = r**2 - 6949*r - 104555. What is w(-15)?
-95
Let d(f) = -311*f + 14376. Determine d(47).
-241
Let d(h) = -17*h**3 + 342*h**2 - 61*h + 224. Give d(20).
-196
Let h(a) = 1143*a + 28585. What is h(-25)?
10
Let y(x) = 22*x**3 + 8490*x**2 - 767*x + 1935. Determine y(-386).
5
Let w(f) = 2111*f - 132998. Give w(63).
-5
Let i(x) = x**3 + 3*x**2 - 75*x + 267. Determine i(6).
141
Let a(h) = -178310*h - 713234. Determine a(-4).
6
Let k(n) = -64813*n + 1296165. Calculate k(20).
-95
Let m(d) = 28410*d - 994351. What is m(35)?
-1
Let u(i) = -4395*i - 6772721. Determine u(-1541).
-26
Let l(s) = 3050*s + 176199. Determine l(-58).
-701
Let r(c) = c**3 + 959*c**2 + 205417*c - 3548. Determine r(-323).
5
Let a(o) = o**2 - 1705*o + 393264. Determine a(275).
14
Let z(n) = -193*n + 9004. Determine z(48).
-260
Let w(m) = -2020*m + 22294. Give w(11).
74
Let k(i) = 157*i - 4754. Determine k(25).
-829
Let f(k) = -2666*k - 559779. Give f(-210).
81
Let v(d) = 154*d - 2967. Calculate v(23).
575
Let a(c) = 9*c**3 + 135*c**2 + 563*c + 474. Calculate a(-8).
2
Let t(v) = -v**3 - 2*v**2 - 15*v + 379. Give t(0).
379
Let q(r) = -5*r**2 + 8233*r + 6. Calculate q(0).
6
Let v(z) = -z**3 - 17*z**2 + 28*z + 8. What is v(10)?
-2412
Let f(d) = -220*d - 5905. Determine f(-27).
35
Let g(v) = 16*v**2 + 580*v - 509. What is g(-37)?
-65
Let t(q) = q**3 - 15*q**2 - 235*q + 307. What is t(26)?
1633
Let j(y) = -46*y**2 + 337*y + 998. What is j(-3)?
-427
Let a(c) = 2*c**3 + 723*c**2 + 7025*c + 1877575. Calculate a(-359).
5
Let o(m) = 33818*m + 33811. Determine o(-1).
-7
Let r(t) = -85*t**2 + 1339*t - 946. What is r(15)?
14
Let g(u) = u**3 + 5*u**2 - 7773*u - 54591. Determine g(-7).
-278
Let d(b) = 12*b**2 - 110*b + 174. Determine d(7).
-8
Let q(z) = z**3 - 73*z**2 - 1653*z + 68139. Calculate q(83).
-170
Let b(r) = 12*r**2 - 2724*r + 66. Give b(227).
66
Let m(h) = -39*h**2 + 3199*h + 259. Determine m(82).
341
Let u(c) = c**2 - 42*c - 1025. Give u(0).
-1025
Let w(g) = 54*g**2 - 7351*g + 15406. Determine w(134).
-4
Let s(x) = -2*x**3 + 730*x**2 - 21907*x - 1648. Give s(332).
12
Let r(l) = l**3 - 203*l**2 + 209*l - 42444. Determine r(203).
-17
Let c(f) = f**3 - 335*f**2 - 11975*f + 3599842. Give c(339).
1
Let w(o) = 6*o**2 - 605*o - 3757. What is w(-6)?
89
Let i(x) = -x - 124. Give i(-8).
-116
Let v(w) = w**3 - 648*w**2 - 10*w + 6483. Calculate v(648).
3
Let u(d) = 54*d - 13990. What is u(258)?
-58
Let f(k) = k**2 - 545*k + 6639. Give f(12).
243
Let k(r) = 5*r**2 + 757*r - 23742. Determine k(30).
3468
Let z(n) = -22*n**2 - 402*n + 27. Give z(-19).
-277
Let y(p) = 12*p**2 - 13369*p - 13356. What is y(-1)?
25
Let v(f) = 11*f**3 - 65*f**2 - 140*f + 658. What is v(6)?
-146
Let g(z) = 6*z**3 + 2215*z**2 + 314*z - 20300. Give g(-369).
-5
Let s(b) = 5*b**2 - 959*b - 35854. Calculate s(-32).
-46
Let j(i) = 5*i**3 - 80*i**2 - 469*i + 7715. Determine j(16).
211
Let u(m) = -5528*m + 44148. What is u(8)?
-76
Let o(p) = -10*p**3 - 226*p**2 - 359*p + 1. Calculate o(-21).
484
Let w(j) = -2016*j - 102824. Determine w(-51).
-8
Let t(v) = 29*v**2 + 9334*v - 10654. Calculate t(-323).
5
Let a(z) = -z**2 - 152*z - 5429. Give a(-98).
-137
Let p(b) = -103819*b - 2491632. Calculate p(-24).
24
Let j(l) = l**3 - 1174*l**2 + 2603*l - 303545. Calculate j(1172).
3
Let r(g) = -16*g**3 + 256*g**2 - 241*g + 14. Calculate r(15).
-1
Let f(j) = j**2 + 8*j - 2355. Calculate f(76).
4029
Let z(s) = -97754*s - 25220532. What is z(-258)?
0
Let g(v) = 7*v**2 + 876*v + 10822. What is g(-13)?
617
Let l(k) = -2*k**3 + 87*k**2 + 13246*k + 394. What is l(106)?
-30
Let u(t) = -7*t**2 + 3673*t + 14795. Calculate u(-4).
-9
Let l(c) = -c**3 - 29*c**2 - 42*c - 72. Give l(-25).
-1522
Let l(c) = -59739*c + 6. Calculate l(0).
6
Let k(i) = -3*i**3 + 531*i**2 - 3*i + 501. Give k(177).
-30
Let v(m) = -3*m**3 + 1100*m**2 + 2594*m - 4203. What is v(369)?
-144
Let k(v) = -81515*v + 326049. Determine k(4).
-11
Let p(k) = 42882*k - 171529. What is p(4)?
-1
Let g(k) = -1089*k + 4252. Determine g(6).
-2282
Let a(m) = -10201*m + 91895. Give a(9).
86
Let f(n) = 4*n**3 - 23*n**2 - 233*n + 4. Give f(-8).
-1652
Let y(t) = -277894*t - 1667358. Determine y(-6).
6
Let o(z) = -21*z**2 - 885*z + 876. Calculate o(1).
-30
Let z(v) = 34*v**2 + 3399*v + 3275. What is z(-99)?
8
Let y(g) = -1506*g + 36171. Calculate y(24).
27
Let f(j) = -101367*j - 2534218. Give f(-25).
-43
Let s(q) = -2*q**2 - 7949*q - 102978. Calculate s(-13).
21
Let m(j) = j**3 + 51*j**2 - 219*j + 216. Calculate m(-55).
161
Let b(w) = -1035986*w - 2071973. Determine b(-2).
-1
Let u(j) = -5*j**3 - 157*j**2 + 128*j + 1019. What is u(-32)?
-5
Let z(a) = -59*a**3 + 48*a**2 - 293*a + 396. Calculate z(2).
-470
Let m(r) = 112097*r - 1457259. Determine m(13).
2
Let d(l) = l**2 - 375*l + 26867. Determine d(102).
-979
Let w(i) = 6*i**2 + 2486*i - 16704. What is w(-421)?
136
Let p(o) = -8*o**3 - o**2 + 130*o + 565. Calculate p(-6).
1477
Let a(p) = 113*p**2 - 1123*p - 8. Determine a(9).
-962
Let h(m) = m**2 - 427*m + 44932. Give h(186).
106
Let q(c) = -2*c**3 - 59*c**2 + 720*c - 824. What is q(-39)?
-5
Let g(k) = 47*k**2 + 7904*k - 31616. Determine g(4).
752
Let i(h) = -22*h**2 + 1534*h + 9308. Give i(-6).
-688
Let w(x) = 212*x**3 - 29*x**2 - 23*x + 4. Calculate w(-1).
-214
Let n(k) = -125422*k - 877951. What is n(-7)?
3
Let w(c) = -1451*c - 50716. Calculate w(-35).
69
Let t(y) = y**2 + 333*y + 27476. What is t(-149)?
60
Let i(y) = -2129*y + 46333. Determine i(22).
-505
Let i(u) = -u**3 - 5874*u**2 + 1910553*u - 1861. Give i(309).
-7
Let s(v) = v**3 + 73*v**2 - 79*v - 634. What is s(-74)?
-264
Let y(x) = x**3 + 68*x**2 - 695*x - 91. Calculate y(-77).
63
Let s(o) = -27956*o - 810726. Calculate s(-29).
-2
Let p(o) = o**3 + 20*o**2 + 83*o - 46. Calculate p(-15).
-166
Let p(y) = 7*y**2 - 1621*y + 36957. Give p(206).
83
Let j(v) = v**3 - 73*v**2 + 672*v. Give j(62).
-620
Let h